
5184
Calculate the greatest common factor of 805 and 1819930.
35
What is the highest common divisor of 8872578 and 5362?
766
Calculate the greatest common factor of 231306 and 40527246.
12174
Calculate the greatest common factor of 87032 and 36808.
344
Calculate the highest common divisor of 36111060 and 6460.
340
Calculate the greatest common factor of 324 and 492617.
1
Calculate the greatest common divisor of 288 and 42593760.
288
What is the highest common divisor of 1785027 and 4121?
317
Calculate the greatest common divisor of 365065 and 65.
5
Calculate the greatest common factor of 850 and 105581050.
850
What is the greatest common divisor of 667 and 562716?
29
Calculate the greatest common divisor of 723454245 and 5799.
5799
Calculate the greatest common factor of 3334792 and 8.
8
Calculate the highest common factor of 173019935 and 110.
55
What is the highest common divisor of 1114154 and 330510?
958
What is the highest common divisor of 791021 and 16324?
77
Calculate the greatest common factor of 115106 and 40133.
67
Calculate the greatest common factor of 1957098 and 195.
39
What is the highest common divisor of 915 and 38337768?
183
Calculate the greatest common factor of 1915 and 2336683.
383
What is the highest common factor of 182690641 and 3878?
1939
Calculate the highest common divisor of 13590 and 3705300.
90
What is the highest common factor of 60118176 and 7440?
1488
Calculate the highest common divisor of 71502 and 13974.
102
Calculate the greatest common factor of 217697 and 47.
1
Calculate the greatest common divisor of 17175 and 4800.
75
What is the greatest common factor of 47777265 and 450?
45
Calculate the highest common factor of 2426368 and 2016.
224
What is the highest common factor of 5299 and 659879171?
5299
What is the highest common factor of 2275173 and 891?
9
What is the highest common divisor of 64 and 2701445952?
64
Calculate the greatest common divisor of 11790 and 2076930.
90
Calculate the highest common factor of 3220 and 136038100.
460
Calculate the highest common divisor of 19796096 and 1972.
116
What is the highest common factor of 70956 and 101544?
12
Calculate the greatest common factor of 7040506 and 564.
94
What is the highest common divisor of 11845 and 4344025?
515
What is the highest common divisor of 6 and 18231330?
6
Calculate the greatest common divisor of 231242 and 263232.
914
Calculate the highest common divisor of 2621445 and 15.
15
Calculate the greatest common factor of 38484 and 24444.
36
Calculate the highest common factor of 44099005 and 185.
185
What is the highest common divisor of 3834 and 13747266?
54
Calculate the highest common factor of 4640 and 1830770.
290
What is the greatest common factor of 11394 and 1787103?
27
What is the highest common divisor of 130985052 and 6622?
946
Calculate the greatest common divisor of 787 and 77246.
1
Calculate the highest common divisor of 648 and 2566032.
24
Calculate the highest common divisor of 27492 and 5892.
12
Calculate the greatest common divisor of 3392334 and 3483.
27
What is the greatest common divisor of 14079198 and 36764?
1414
What is the highest common factor of 2250 and 14933250?
2250
What is the greatest common factor of 1434020 and 8?
4
What is the greatest common factor of 10 and 36648025?
5
Calculate the greatest common divisor of 9 and 2239607.
1
What is the greatest common factor of 1621501 and 287?
7
What is the highest common divisor of 41255 and 5685?
5
What is the greatest common divisor of 1550 and 29273610?
310
Calculate the highest common factor of 2915325 and 378.
189
What is the greatest common divisor of 2527548 and 15782?
1214
Calculate the highest common factor of 4924915 and 2840.
355
What is the greatest common factor of 70 and 198471470?
10
What is the greatest common divisor of 56 and 398986?
14
Calculate the highest common divisor of 13 and 42115853.
13
What is the highest common divisor of 1391 and 383981?
13
Calculate the highest common divisor of 10096731 and 9.
9
What is the highest common factor of 329737198 and 28?
14
What is the highest common factor of 191949 and 3161?
109
Calculate the highest common divisor of 5 and 131555665.
5
Calculate the greatest common factor of 27236 and 10571.
11
Calculate the greatest common factor of 8559 and 24624877.
317
Calculate the greatest common divisor of 305710222 and 542.
542
What is the highest common factor of 1973056 and 2368?
64
Calculate the greatest common factor of 377629 and 5913.
73
What is the highest common factor of 1050914018 and 9086?
9086
Calculate the greatest common factor of 209544998 and 1846.
1846
What is the highest common factor of 16641859 and 779?
41
What is the highest common divisor of 2930324 and 2601?
17
What is the highest common divisor of 160793082 and 774?
774
Calculate the greatest common divisor of 150442 and 107214.
214
Calculate the greatest common divisor of 4162 and 277915469.
2081
What is the greatest common factor of 815838 and 64?
2
What is the highest common factor of 150 and 11941725?
75
What is the greatest common divisor of 2317 and 1670642729?
2317
What is the highest common factor of 345 and 275866080?
15
Calculate the highest common divisor of 168 and 1950879.
21
Calculate the highest common factor of 696137 and 17381.
13
What is the highest common divisor of 10479616 and 258?
86
Calculate the highest common divisor of 7 and 28309974.
7
Calculate the highest common divisor of 12 and 46590116.
4
Calculate the highest common factor of 366 and 1409649.
183
Calculate the highest common factor of 5649962 and 206.
206
What is the greatest common factor of 589502523 and 387?
129
Calculate the greatest common divisor of 1547 and 1951859.
91
What is the highest common divisor of 62222 and 353033?
53
What is the highest common factor of 186 and 1540082?
2
What is the greatest common divisor of 24595991 and 15827?
833
Calculate the greatest common factor of 29 and 165421423.
29
What is the highest common divisor of 728 and 382072964?
364
What is the highest common divisor of 28800 and 2508672?
384
Calculate the highest common factor of 3461624 and 31724.
412
Calculate the greatest common factor of 29831124 and 408.
204
What is the highest common factor of 5746 and 2533?
17
Calculate the greatest common divisor of 602 and 15316.
14
Calculate the highest common divisor of 783 and 65485509.
87
What is the greatest common factor of 89014234 and 1268?
634
What is the highest common divisor of 102522021 and 2289?
2289
Calculate the highest common factor of 9276373 and 119.
17
Calculate the greatest common divisor of 449017047 and 2889.
2889
What is the highest common divisor of 682 and 604516?
22
Calculate the highest common factor of 395936874 and 36.
18
Calculate the highest common factor of 6592 and 5558976.
64
What is the highest common factor of 462780 and 37460?
20
What is the highest common divisor of 804136 and 336?
8
What is the highest common divisor of 31009279 and 413?
413
What is the highest common divisor of 22613578 and 2834?
26
What is the greatest common factor of 705 and 4232538?
141
Calculate the highest common factor of 559 and 34307.
13
What is the highest common factor of 1075092 and 4296?
12
Calculate the highest common factor of 49344902 and 74.
74
Calculate the highest common factor of 225357 and 255.
3
What is the highest common factor of 9964 and 750586?
106
What is the highest common factor of 71397362 and 3719?
3719
Calculate the greatest common divisor of 704 and 36844940.
44
What is the greatest common factor of 7288 and 2554546032?
7288
What is the highest common divisor of 46 and 25273343?
23
What is the greatest common divisor of 65738930 and 10?
10
What is the highest common divisor of 285057 and 9291?
57
What is the greatest common divisor of 4834 and 275006260?
4834
What is the greatest common factor of 94373 and 5111043?
4967
Calculate the greatest common divisor of 10850922 and 1458.
486
What is the highest common factor of 423 and 19980687?
141
Calculate the greatest common factor of 235664 and 78672.
176
What is the highest common divisor of 19 and 145691601?
19
What is the greatest common factor of 2326938 and 239586?
3282
Calculate the greatest common factor of 92868 and 285136.